 and 450.
18
Calculate the highest common divisor of 133 and 171.
19
What is the highest common divisor of 95 and 5?
5
What is the highest common divisor of 742 and 98?
14
What is the greatest common factor of 24 and 68?
4
Calculate the greatest common divisor of 522 and 72.
18
What is the greatest common factor of 9 and 531?
9
Calculate the highest common divisor of 30 and 2370.
30
What is the greatest common divisor of 104 and 13624?
104
Calculate the greatest common divisor of 918 and 102.
102
What is the greatest common divisor of 561 and 867?
51
Calculate the greatest common divisor of 1638 and 630.
126
What is the greatest common factor of 189 and 10647?
63
What is the highest common divisor of 7 and 3073?
7
What is the highest common factor of 180 and 24?
12
Calculate the highest common divisor of 1090 and 20.
10
What is the highest common factor of 861 and 28?
7
Calculate the greatest common factor of 4336 and 16.
16
Calculate the greatest common divisor of 897 and 793.
13
What is the greatest common divisor of 33 and 27?
3
What is the highest common factor of 1107 and 81?
27
Calculate the greatest common factor of 60 and 688.
4
Calculate the highest common factor of 198 and 12.
6
What is the greatest common factor of 130 and 7280?
130
What is the greatest common factor of 40 and 415?
5
What is the highest common divisor of 2223 and 27?
9
Calculate the highest common divisor of 57 and 4161.
57
What is the greatest common divisor of 220 and 12595?
55
Calculate the greatest common factor of 684 and 144.
36
What is the highest common divisor of 33 and 3?
3
What is the greatest common factor of 52 and 182?
26
Calculate the greatest common divisor of 87 and 58.
29
Calculate the highest common factor of 104 and 88.
8
Calculate the greatest common factor of 209 and 26125.
209
Calculate the highest common divisor of 1092 and 780.
156
What is the highest common factor of 94674 and 186?
186
Calculate the greatest common divisor of 252 and 168.
84
Calculate the greatest common factor of 1 and 67.
1
Calculate the greatest common factor of 26 and 40118.
26
Calculate the greatest common factor of 3084 and 12.
12
Calculate the highest common divisor of 46 and 12282.
46
Calculate the greatest common divisor of 10 and 590.
10
Calculate the highest common factor of 2812 and 74.
74
What is the highest common divisor of 301 and 28?
7
Calculate the highest common factor of 779 and 133.
19
What is the greatest common factor of 28 and 434?
14
What is the highest common divisor of 129 and 516?
129
Calculate the highest common factor of 1098 and 54.
18
What is the highest common divisor of 747 and 9?
9
What is the greatest common factor of 198 and 44?
22
What is the greatest common divisor of 474 and 6?
6
Calculate the highest common divisor of 125 and 150.
25
What is the highest common factor of 30 and 7530?
30
Calculate the highest common factor of 3 and 15.
3
What is the highest common divisor of 176 and 110?
22
What is the highest common divisor of 1245 and 150?
15
What is the greatest common factor of 2755 and 5?
5
What is the greatest common factor of 1480 and 40?
40
What is the greatest common factor of 9 and 27?
9
Calculate the highest common divisor of 3250 and 104.
26
What is the highest common factor of 7882 and 56?
14
Calculate the greatest common divisor of 1578 and 6.
6
Calculate the highest common factor of 54 and 26055.
27
Calculate the greatest common divisor of 376 and 256.
8
What is the greatest common factor of 896 and 96?
32
What is the greatest common factor of 91 and 923?
13
What is the greatest common factor of 1904 and 544?
272
Calculate the highest common divisor of 210 and 230.
10
Calculate the highest common factor of 12 and 54.
6
Calculate the highest common divisor of 4199 and 68.
17
Calculate the greatest common divisor of 63 and 7686.
63
What is the highest common divisor of 3781 and 19?
19
What is the greatest common factor of 7 and 12?
1
What is the highest common divisor of 42580 and 20?
20
What is the greatest common divisor of 19 and 5?
1
Calculate the greatest common factor of 85 and 391.
17
Calculate the greatest common factor of 689 and 143.
13
Calculate the greatest common divisor of 10 and 13095.
5
What is the greatest common divisor of 10482 and 6?
6
What is the greatest common factor of 1008 and 192?
48
Calculate the greatest common divisor of 540 and 20.
20
Calculate the greatest common factor of 40 and 3176.
8
Calculate the highest common factor of 320 and 205.
5
What is the greatest common divisor of 42 and 994?
14
What is the greatest common divisor of 891 and 1749?
33
Calculate the greatest common factor of 2 and 22.
2
What is the greatest common factor of 1856 and 29?
29
What is the highest common divisor of 437 and 152?
19
Calculate the greatest common divisor of 64 and 4448.
32
Calculate the greatest common factor of 648 and 48.
24
Calculate the greatest common factor of 896 and 56.
56
Calculate the highest common factor of 9698 and 26.
26
Calculate the highest common factor of 9548 and 248.
124
Calculate the highest common divisor of 364 and 1144.
52
Calculate the greatest common divisor of 595 and 1015.
35
Calculate the greatest common divisor of 60 and 5820.
60
Calculate the highest common divisor of 2889 and 27.
27
What is the greatest common divisor of 42 and 231?
21
What is the highest common factor of 1160 and 280?
40
Calculate the greatest common divisor of 27 and 81.
27
What is the highest common factor of 2130 and 60?
30
What is the greatest common divisor of 15 and 65?
5
What is the greatest common divisor of 74 and 7141?
37
What is the greatest common divisor of 1173 and 4209?
69
What is the greatest common divisor of 7029 and 27?
9
Calculate the greatest common factor of 42 and 17724.
42
Calculate the greatest common factor of 40 and 2360.
40
What is the highest common divisor of 5264 and 32?
16
Calculate the highest common divisor of 15 and 1455.
15
Calculate the greatest common divisor of 35 and 133.
7
What is the greatest common divisor of 19 and 25973?
19
What is the highest common divisor of 3002 and 38?
38
What is the highest common divisor of 749 and 7?
7
What is the highest common divisor of 256 and 4768?
32
Calculate the greatest common factor of 369 and 41.
41
Calculate the highest common factor of 72 and 32.
8
What is the highest common divisor of 10350 and 180?
90
Calculate the greatest common factor of 45 and 9.
9
What is the greatest common factor of 154 and 238?
14
Calculate the highest common factor of 15 and 120.
15
Calculate the highest common factor of 10 and 1394.
2
Calculate the highest common factor of 174 and 2668.
58
Calculate the greatest common divisor of 61 and 11041.
61
Calculate the highest common divisor of 2898 and 357.
21
What is the greatest common divisor of 675 and 45?
45
What is the greatest common factor of 88 and 16?
8
Calculate the highest common divisor of 703 and 37.
37
Calculate the greatest common factor of 18 and 1206.
18
What is the greatest common factor of 31196 and 44?
44
What is the greatest common factor of 1 and 49?
1
What is the greatest common factor of 7 and 217?
7
What is the highest common divisor of 88 and 152?
8
Calculate the greatest common factor of 60 and 40.
20
Calculate the greatest common factor of 9 and 9.
9
What is the greatest common divisor of 464 and 87?
29
Calculate the greatest common divisor of 10 and 70.
10
What is the highest common divisor of 45 and 65?
5
What is the highest common divisor of 240 and 336?
48
What is the greatest common factor of 2959 and 572?
11
Calculate the highest common factor of 45 and 65.
5
What is the greatest common factor of 18 and 5868?
18
Calculate the highest common divisor of 2479 and 37.
37
What is the greatest common divisor of 6062 and 182?
14
Calculate the highest common factor of 53 and 848.
53
What is the greatest common factor of 805 and 175?
35
What is the greatest common divisor of 20 and 335?
5
What is the greatest common factor of 304 and 1904?
16
Calculate the highest common factor of 702 and 156.
78
What is the highest common divisor of 1752 and 384?
24
Calculate the greatest common divisor of 124 and 62.
62
What is the highest common divisor of 4505 and 159?
53
Calculate the